{"id":23112,"date":"2023-03-27T15:12:57","date_gmt":"2023-03-27T15:12:57","guid":{"rendered":"https:\/\/bvsonauto.com\/?post_type=vehica_car&#038;p=23112"},"modified":"2023-03-27T15:12:57","modified_gmt":"2023-03-27T15:12:57","slug":"toyota-yaris-cross-1-5-vvt-i-hsd-trend","status":"publish","type":"vehica_car","link":"https:\/\/bvsonauto.com\/es\/listing\/toyota-yaris-cross-1-5-vvt-i-hsd-trend\/","title":{"rendered":"TOYOTA Yaris Cross 1.5 VVT-i HSD Trend"},"content":{"rendered":"<p><span style=\"color: #666666; font-family: Poppins, sans-serif; font-size: 15px;\">Vielen Dank f\u00fcr Ihr Interesse an unserem Fahrzeug. Gerne begr\u00fcssen wir Sie pers\u00f6nlich bei uns in Oftringen oder stehen Ihnen per Mail oder Telefon f\u00fcr Ausk\u00fcnfte zur Verf\u00fcgung.<\/span><br style=\"-webkit-tap-highlight-color: rgba(0, 0, 0, 0); color: #666666; font-family: Poppins, sans-serif; font-size: 15px;\" \/><span style=\"color: #666666; font-family: Poppins, sans-serif; font-size: 15px;\">Wir akzeptieren Kryptow\u00e4hrungen<\/span><br style=\"-webkit-tap-highlight-color: rgba(0, 0, 0, 0); color: #666666; font-family: Poppins, sans-serif; font-size: 15px;\" \/><span style=\"color: #666666; font-family: Poppins, sans-serif; font-size: 15px;\">Verkaufspreise:<\/span><br style=\"-webkit-tap-highlight-color: rgba(0, 0, 0, 0); color: #666666; font-family: Poppins, sans-serif; font-size: 15px;\" \/><span style=\"color: #666666; font-family: Poppins, sans-serif; font-size: 15px;\">Unsere Verkaufspreise sind inkl. 7.7% Mehrwertsteuer. Die ausgeschriebenen Preise sind Netto-\/Fixpreise.<\/span><br style=\"-webkit-tap-highlight-color: rgba(0, 0, 0, 0); color: #666666; font-family: Poppins, sans-serif; font-size: 15px;\" \/><span style=\"color: #666666; font-family: Poppins, sans-serif; font-size: 15px;\">Zusatzdienstleistungen:<\/span><br style=\"-webkit-tap-highlight-color: rgba(0, 0, 0, 0); color: #666666; font-family: Poppins, sans-serif; font-size: 15px;\" \/><span style=\"color: #666666; font-family: Poppins, sans-serif; font-size: 15px;\">Beim Kauf eines Fahrzeuges ist ein Ablieferungspaket f\u00fcr CHF 400.- optional erh\u00e4ltlich.<\/span><br style=\"-webkit-tap-highlight-color: rgba(0, 0, 0, 0); color: #666666; font-family: Poppins, sans-serif; font-size: 15px;\" \/><span style=\"color: #666666; font-family: Poppins, sans-serif; font-size: 15px;\">Dieses beinhaltet:<\/span><br style=\"-webkit-tap-highlight-color: rgba(0, 0, 0, 0); color: #666666; font-family: Poppins, sans-serif; font-size: 15px;\" \/><span style=\"color: #666666; font-family: Poppins, sans-serif; font-size: 15px;\">&#8211; Volltanken<\/span><br style=\"-webkit-tap-highlight-color: rgba(0, 0, 0, 0); color: #666666; font-family: Poppins, sans-serif; font-size: 15px;\" \/><span style=\"color: #666666; font-family: Poppins, sans-serif; font-size: 15px;\">&#8211; Vignette<\/span><br style=\"-webkit-tap-highlight-color: rgba(0, 0, 0, 0); color: #666666; font-family: Poppins, sans-serif; font-size: 15px;\" \/><span style=\"color: #666666; font-family: Poppins, sans-serif; font-size: 15px;\">&#8211; Fahrzeugaufbereitung<\/span><br style=\"-webkit-tap-highlight-color: rgba(0, 0, 0, 0); color: #666666; font-family: Poppins, sans-serif; font-size: 15px;\" \/><span style=\"color: #666666; font-family: Poppins, sans-serif; font-size: 15px;\">&#8211; administrative Arbeiten<\/span><br style=\"-webkit-tap-highlight-color: rgba(0, 0, 0, 0); color: #666666; font-family: Poppins, sans-serif; font-size: 15px;\" \/><span style=\"color: #666666; font-family: Poppins, sans-serif; font-size: 15px;\">&#8211; Garantie bei Kauf des Ablieferungspakets<\/span><br style=\"-webkit-tap-highlight-color: rgba(0, 0, 0, 0); color: #666666; font-family: Poppins, sans-serif; font-size: 15px;\" \/><span style=\"color: #666666; font-family: Poppins, sans-serif; font-size: 15px;\">Besichtigung\/Probefahrt:<\/span><br style=\"-webkit-tap-highlight-color: rgba(0, 0, 0, 0); color: #666666; font-family: Poppins, sans-serif; font-size: 15px;\" \/><span style=\"color: #666666; font-family: Poppins, sans-serif; font-size: 15px;\">Wir bitten Sie f\u00fcr eine Besichtigung \/ Probefahrt einen Termin zu vereinbaren. Ausserhalb unserer \u00d6ffnungszeiten steht Ihnen unsere Ausstellung zur freien Besichtigung offen. Auf Probefahrten mit Occasionsfahrzeugen erheben wir einen Unkostenbeitrag von CHF 50.-, welcher bei Vertragsabschluss am Verkaufspreis abgerechnet wird.<\/span><br style=\"-webkit-tap-highlight-color: rgba(0, 0, 0, 0); color: #666666; font-family: Poppins, sans-serif; font-size: 15px;\" \/><span style=\"color: #666666; font-family: Poppins, sans-serif; font-size: 15px;\">Finanzierung \/ Leasing:<\/span><br style=\"-webkit-tap-highlight-color: rgba(0, 0, 0, 0); color: #666666; font-family: Poppins, sans-serif; font-size: 15px;\" \/><span style=\"color: #666666; font-family: Poppins, sans-serif; font-size: 15px;\">Gerne unterbreiten wir Ihnen ein auf Sie zugeschnittenes Angebot f\u00fcr Ihre Fahrzeugfinanzierung, zu Top Konditionen.<\/span><br style=\"-webkit-tap-highlight-color: rgba(0, 0, 0, 0); color: #666666; font-family: Poppins, sans-serif; font-size: 15px;\" \/><span style=\"color: #666666; font-family: Poppins, sans-serif; font-size: 15px;\">Eintausch \/ Ankauf:<\/span><br style=\"-webkit-tap-highlight-color: rgba(0, 0, 0, 0); color: #666666; font-family: Poppins, sans-serif; font-size: 15px;\" \/><span style=\"color: #666666; font-family: Poppins, sans-serif; font-size: 15px;\">Gerne tauschen wir Ihr jetziges Fahrzeug zu fairen Konditionen ein.<\/span><br style=\"-webkit-tap-highlight-color: rgba(0, 0, 0, 0); color: #666666; font-family: Poppins, sans-serif; font-size: 15px;\" \/><span style=\"color: #666666; font-family: Poppins, sans-serif; font-size: 15px;\">Wollen Sie Ihr Fahrzeug verkaufen? Nehmen Sie mit uns Kontakt auf.<\/span><br style=\"-webkit-tap-highlight-color: rgba(0, 0, 0, 0); color: #666666; font-family: Poppins, sans-serif; font-size: 15px;\" \/><span style=\"color: #666666; font-family: Poppins, sans-serif; font-size: 15px;\">Die effektive Ausstattung kann von der publizierten Ausstattung abweichen. Irrt\u00fcmer und Zwischenverkauf vorbehalten.<\/span><\/p>","protected":false},"author":68,"featured_media":0,"template":"","vehica_6654":[2073],"vehica_6655":[2325],"vehica_6659":[2476],"vehica_6660":[2488],"vehica_6657":[],"vehica_6661":[2075],"vehica_6662":[2313],"vehica_6663":[2110],"vehica_12974":[],"vehica_6666":[2323],"vehica_12770":[2398],"vehica_6670":[2105,2106,2092,2094,2095,2097,2100,2104,2093,2101],"vehica_12723":[],"class_list":["post-23112","vehica_car","type-vehica_car","status-publish","hentry","vehica_6654-used","vehica_6655-suv","vehica_6659-toyota","vehica_6660-yaris-cross","vehica_6661-front-wheel-drive","vehica_6662-automatic","vehica_6663-hybrid","vehica_6666-grey","vehica_12770-5-door","vehica_6670-360-degree-camera","vehica_6670-blind-spot-alert","vehica_6670-bluetooth","vehica_6670-cooled-seats","vehica_6670-heated-seats","vehica_6670-led-headlights","vehica_6670-navigation-system","vehica_6670-reversing-camera","vehica_6670-sound-system","vehica_6670-usb-port"],"vehica_6656":{"vehica_currency_6656_2316":""},"vehica_14696":"2023","vehica_6664":"300","vehica_6665":"","vehica_6671":"1TB529","vehica_6673":["https:\/\/bvsonauto.com\/wp-content\/uploads\/2023\/03\/3791064_1.avif","https:\/\/bvsonauto.com\/wp-content\/uploads\/2023\/03\/3791064_2.avif","https:\/\/bvsonauto.com\/wp-content\/uploads\/2023\/03\/3791064_3.avif","https:\/\/bvsonauto.com\/wp-content\/uploads\/2023\/03\/3791064_4.avif","https:\/\/bvsonauto.com\/wp-content\/uploads\/2023\/03\/3791064_5.avif","https:\/\/bvsonauto.com\/wp-content\/uploads\/2023\/03\/3791064_6.avif"],"vehica_6674":{"url":"","embed":""},"vehica_16721":"","vehica_18820":[],"_links":{"self":[{"href":"https:\/\/bvsonauto.com\/es\/wp-json\/wp\/v2\/cars\/23112","targetHints":{"allow":["GET"]}}],"collection":[{"href":"https:\/\/bvsonauto.com\/es\/wp-json\/wp\/v2\/cars"}],"about":[{"href":"https:\/\/bvsonauto.com\/es\/wp-json\/wp\/v2\/types\/vehica_car"}],"author":[{"embeddable":true,"href":"https:\/\/bvsonauto.com\/es\/wp-json\/wp\/v2\/users\/68"}],"wp:attachment":[{"href":"https:\/\/bvsonauto.com\/es\/wp-json\/wp\/v2\/media?parent=23112"}],"wp:term":[{"taxonomy":"vehica_6654","embeddable":true,"href":"https:\/\/bvsonauto.com\/es\/wp-json\/wp\/v2\/vehica_6654?post=23112"},{"taxonomy":"vehica_6655","embeddable":true,"href":"https:\/\/bvsonauto.com\/es\/wp-json\/wp\/v2\/vehica_6655?post=23112"},{"taxonomy":"vehica_6659","embeddable":true,"href":"https:\/\/bvsonauto.com\/es\/wp-json\/wp\/v2\/vehica_6659?post=23112"},{"taxonomy":"vehica_6660","embeddable":true,"href":"https:\/\/bvsonauto.com\/es\/wp-json\/wp\/v2\/vehica_6660?post=23112"},{"taxonomy":"vehica_6657","embeddable":true,"href":"https:\/\/bvsonauto.com\/es\/wp-json\/wp\/v2\/vehica_6657?post=23112"},{"taxonomy":"vehica_6661","embeddable":true,"href":"https:\/\/bvsonauto.com\/es\/wp-json\/wp\/v2\/vehica_6661?post=23112"},{"taxonomy":"vehica_6662","embeddable":true,"href":"https:\/\/bvsonauto.com\/es\/wp-json\/wp\/v2\/vehica_6662?post=23112"},{"taxonomy":"vehica_6663","embeddable":true,"href":"https:\/\/bvsonauto.com\/es\/wp-json\/wp\/v2\/vehica_6663?post=23112"},{"taxonomy":"vehica_12974","embeddable":true,"href":"https:\/\/bvsonauto.com\/es\/wp-json\/wp\/v2\/vehica_12974?post=23112"},{"taxonomy":"vehica_6666","embeddable":true,"href":"https:\/\/bvsonauto.com\/es\/wp-json\/wp\/v2\/vehica_6666?post=23112"},{"taxonomy":"vehica_12770","embeddable":true,"href":"https:\/\/bvsonauto.com\/es\/wp-json\/wp\/v2\/vehica_12770?post=23112"},{"taxonomy":"vehica_6670","embeddable":true,"href":"https:\/\/bvsonauto.com\/es\/wp-json\/wp\/v2\/vehica_6670?post=23112"},{"taxonomy":"vehica_12723","embeddable":true,"href":"https:\/\/bvsonauto.com\/es\/wp-json\/wp\/v2\/vehica_12723?post=23112"}],"curies":[{"name":"wp","href":"https:\/\/api.w.org\/{rel}","templated":true}]}}

<p><span style="color: #666666; font-family: Poppins, sans-serif; font-size: 15px;">Vielen Dank für Ihr Interesse an unserem Fahrzeug. Gerne begrüssen wir Sie persönlich bei uns in Oftringen oder stehen Ihnen per Mail oder Telefon für Auskünfte zur Verfügung.</span><br style="-webkit-tap-highlight-color: rgba(0, 0, 0, 0); color: #666666; font-family: Poppins, sans-serif; font-size: 15px;" /><span style="color: #666666; font-family: Poppins, sans-serif; font-size: 15px;">Wir akzeptieren Kryptowährungen</span><br style="-webkit-tap-highlight-color: rgba(0, 0, 0, 0); color: #666666; font-family: Poppins, sans-serif; font-size: 15px;" /><span style="color: #666666; font-family: Poppins, sans-serif; font-size: 15px;">Verkaufspreise:</span><br style="-webkit-tap-highlight-color: rgba(0, 0, 0, 0); color: #666666; font-family: Poppins, sans-serif; font-size: 15px;" /><span style="color: #666666; font-family: Poppins, sans-serif; font-size: 15px;">Unsere Verkaufspreise sind inkl. 7.7% Mehrwertsteuer. Die ausgeschriebenen Preise sind Netto-/Fixpreise.</span><br style="-webkit-tap-highlight-color: rgba(0, 0, 0, 0); color: #666666; font-family: Poppins, sans-serif; font-size: 15px;" /><span style="color: #666666; font-family: Poppins, sans-serif; font-size: 15px;">Zusatzdienstleistungen:</span><br style="-webkit-tap-highlight-color: rgba(0, 0, 0, 0); color: #666666; font-family: Poppins, sans-serif; font-size: 15px;" /><span style="color: #666666; font-family: Poppins, sans-serif; font-size: 15px;">Beim Kauf eines Fahrzeuges ist ein Ablieferungspaket für CHF 400.- optional erhältlich.</span><br style="-webkit-tap-highlight-color: rgba(0, 0, 0, 0); color: #666666; font-family: Poppins, sans-serif; font-size: 15px;" /><span style="color: #666666; font-family: Poppins, sans-serif; font-size: 15px;">Dieses beinhaltet:</span><br style="-webkit-tap-highlight-color: rgba(0, 0, 0, 0); color: #666666; font-family: Poppins, sans-serif; font-size: 15px;" /><span style="color: #666666; font-family: Poppins, sans-serif; font-size: 15px;">&#8211; Volltanken</span><br style="-webkit-tap-highlight-color: rgba(0, 0, 0, 0); color: #666666; font-family: Poppins, sans-serif; font-size: 15px;" /><span style="color: #666666; font-family: Poppins, sans-serif; font-size: 15px;">&#8211; Vignette</span><br style="-webkit-tap-highlight-color: rgba(0, 0, 0, 0); color: #666666; font-family: Poppins, sans-serif; font-size: 15px;" /><span style="color: #666666; font-family: Poppins, sans-serif; font-size: 15px;">&#8211; Fahrzeugaufbereitung</span><br style="-webkit-tap-highlight-color: rgba(0, 0, 0, 0); color: #666666; font-family: Poppins, sans-serif; font-size: 15px;" /><span style="color: #666666; font-family: Poppins, sans-serif; font-size: 15px;">&#8211; administrative Arbeiten</span><br style="-webkit-tap-highlight-color: rgba(0, 0, 0, 0); color: #666666; font-family: Poppins, sans-serif; font-size: 15px;" /><span style="color: #666666; font-family: Poppins, sans-serif; font-size: 15px;">&#8211; Garantie bei Kauf des Ablieferungspakets</span><br style="-webkit-tap-highlight-color: rgba(0, 0, 0, 0); color: #666666; font-family: Poppins, sans-serif; font-size: 15px;" /><span style="color: #666666; font-family: Poppins, sans-serif; font-size: 15px;">Besichtigung/Probefahrt:</span><br style="-webkit-tap-highlight-color: rgba(0, 0, 0, 0); color: #666666; font-family: Poppins, sans-serif; font-size: 15px;" /><span style="color: #666666; font-family: Poppins, sans-serif; font-size: 15px;">Wir bitten Sie für eine Besichtigung / Probefahrt einen Termin zu vereinbaren. Ausserhalb unserer Öffnungszeiten steht Ihnen unsere Ausstellung zur freien Besichtigung offen. Auf Probefahrten mit Occasionsfahrzeugen erheben wir einen Unkostenbeitrag von CHF 50.-, welcher bei Vertragsabschluss am Verkaufspreis abgerechnet wird.</span><br style="-webkit-tap-highlight-color: rgba(0, 0, 0, 0); color: #666666; font-family: Poppins, sans-serif; font-size: 15px;" /><span style="color: #666666; font-family: Poppins, sans-serif; font-size: 15px;">Finanzierung / Leasing:</span><br style="-webkit-tap-highlight-color: rgba(0, 0, 0, 0); color: #666666; font-family: Poppins, sans-serif; font-size: 15px;" /><span style="color: #666666; font-family: Poppins, sans-serif; font-size: 15px;">Gerne unterbreiten wir Ihnen ein auf Sie zugeschnittenes Angebot für Ihre Fahrzeugfinanzierung, zu Top Konditionen.</span><br style="-webkit-tap-highlight-color: rgba(0, 0, 0, 0); color: #666666; font-family: Poppins, sans-serif; font-size: 15px;" /><span style="color: #666666; font-family: Poppins, sans-serif; font-size: 15px;">Eintausch / Ankauf:</span><br style="-webkit-tap-highlight-color: rgba(0, 0, 0, 0); color: #666666; font-family: Poppins, sans-serif; font-size: 15px;" /><span style="color: #666666; font-family: Poppins, sans-serif; font-size: 15px;">Gerne tauschen wir Ihr jetziges Fahrzeug zu fairen Konditionen ein.</span><br style="-webkit-tap-highlight-color: rgba(0, 0, 0, 0); color: #666666; font-family: Poppins, sans-serif; font-size: 15px;" /><span style="color: #666666; font-family: Poppins, sans-serif; font-size: 15px;">Wollen Sie Ihr Fahrzeug verkaufen? Nehmen Sie mit uns Kontakt auf.</span><br style="-webkit-tap-highlight-color: rgba(0, 0, 0, 0); color: #666666; font-family: Poppins, sans-serif; font-size: 15px;" /><span style="color: #666666; font-family: Poppins, sans-serif; font-size: 15px;">Die effektive Ausstattung kann von der publizierten Ausstattung abweichen. Irrtümer und Zwischenverkauf vorbehalten.</span></p>
